[INFO] cloning repository https://github.com/Phydon/sf
[INFO] running `Command { std: "git" "-c" "credential.helper=" "-c" "credential.helper=/workspace/cargo-home/bin/git-credential-null" "clone" "--bare" "https://github.com/Phydon/sf" "/workspace/cache/git-repos/https%3A%2F%2Fgithub.com%2FPhydon%2Fsf", kill_on_drop: false }`
[INFO] [stderr] Cloning into bare repository '/workspace/cache/git-repos/https%3A%2F%2Fgithub.com%2FPhydon%2Fsf'...
[INFO] running `Command { std: "git" "rev-parse" "HEAD", kill_on_drop: false }`
[INFO] [stdout] fd9b9d75535adf4f996373ba607712610bd6f848
[INFO] checking Phydon/sf against master#9610dfe5a9a731ced1ea4923ecbd0c57fe367898 for beta-170-4
[INFO] running `Command { std: "git" "clone" "/workspace/cache/git-repos/https%3A%2F%2Fgithub.com%2FPhydon%2Fsf" "/workspace/builds/worker-7-tc1/source", kill_on_drop: false }`
[INFO] [stderr] Cloning into '/workspace/builds/worker-7-tc1/source'...
[INFO] [stderr] done.
[INFO] validating manifest of git repo https://github.com/Phydon/sf on toolchain 9610dfe5a9a731ced1ea4923ecbd0c57fe367898
[INFO] running `Command { std: CARGO_HOME="/workspace/cargo-home" RUSTUP_HOME="/workspace/rustup-home" "/workspace/cargo-home/bin/cargo" "+9610dfe5a9a731ced1ea4923ecbd0c57fe367898" "metadata" "--manifest-path" "Cargo.toml" "--no-deps", kill_on_drop: false }`
[INFO] started tweaking git repo https://github.com/Phydon/sf
[INFO] finished tweaking git repo https://github.com/Phydon/sf
[INFO] tweaked toml for git repo https://github.com/Phydon/sf written to /workspace/builds/worker-7-tc1/source/Cargo.toml
[INFO] crate git repo https://github.com/Phydon/sf already has a lockfile, it will not be regenerated
[INFO] running `Command { std: CARGO_HOME="/workspace/cargo-home" RUSTUP_HOME="/workspace/rustup-home" "/workspace/cargo-home/bin/cargo" "+9610dfe5a9a731ced1ea4923ecbd0c57fe367898" "fetch" "--manifest-path" "Cargo.toml", kill_on_drop: false }`
[INFO] [stderr]     Updating crates.io index
[INFO] [stderr]  Downloading crates ...
[INFO] [stderr]   Downloaded flexi_logger v0.23.3
[INFO] running `Command { std: "docker" "create" "-v" "/var/lib/crater-agent-workspace/builds/worker-7-tc1/target:/opt/rustwide/target:rw,Z" "-v" "/var/lib/crater-agent-workspace/builds/worker-7-tc1/source:/opt/rustwide/workdir:ro,Z" "-v" "/var/lib/crater-agent-workspace/cargo-home:/opt/rustwide/cargo-home:ro,Z" "-v" "/var/lib/crater-agent-workspace/rustup-home:/opt/rustwide/rustup-home:ro,Z" "-e" "SOURCE_DIR=/opt/rustwide/workdir" "-e" "CARGO_TARGET_DIR=/opt/rustwide/target" "-e" "CARGO_HOME=/opt/rustwide/cargo-home" "-e" "RUSTUP_HOME=/opt/rustwide/rustup-home" "-w" "/opt/rustwide/workdir" "-m" "1610612736" "--user" "0:0" "--network" "none" "ghcr.io/rust-lang/crates-build-env/linux@sha256:19e73879b68f455e41552ea35293514db52ea292d993f571636dbffedb77a1ee" "/opt/rustwide/cargo-home/bin/cargo" "+9610dfe5a9a731ced1ea4923ecbd0c57fe367898" "metadata" "--no-deps" "--format-version=1", kill_on_drop: false }`
[INFO] [stdout] fa3124319eb1eee92a44ffddd1392e83d6a2c3c44e0149616912e80fdf45d29e
[INFO] running `Command { std: "docker" "start" "-a" "fa3124319eb1eee92a44ffddd1392e83d6a2c3c44e0149616912e80fdf45d29e", kill_on_drop: false }`
[INFO] running `Command { std: "docker" "inspect" "fa3124319eb1eee92a44ffddd1392e83d6a2c3c44e0149616912e80fdf45d29e", kill_on_drop: false }`
[INFO] running `Command { std: "docker" "rm" "-f" "fa3124319eb1eee92a44ffddd1392e83d6a2c3c44e0149616912e80fdf45d29e", kill_on_drop: false }`
[INFO] [stdout] fa3124319eb1eee92a44ffddd1392e83d6a2c3c44e0149616912e80fdf45d29e
[INFO] running `Command { std: "docker" "create" "-v" "/var/lib/crater-agent-workspace/builds/worker-7-tc1/target:/opt/rustwide/target:rw,Z" "-v" "/var/lib/crater-agent-workspace/builds/worker-7-tc1/source:/opt/rustwide/workdir:ro,Z" "-v" "/var/lib/crater-agent-workspace/cargo-home:/opt/rustwide/cargo-home:ro,Z" "-v" "/var/lib/crater-agent-workspace/rustup-home:/opt/rustwide/rustup-home:ro,Z" "-e" "SOURCE_DIR=/opt/rustwide/workdir" "-e" "CARGO_TARGET_DIR=/opt/rustwide/target" "-e" "CARGO_INCREMENTAL=0" "-e" "RUST_BACKTRACE=full" "-e" "RUSTFLAGS=--cap-lints=forbid" "-e" "RUSTDOCFLAGS=--cap-lints=forbid" "-e" "CARGO_HOME=/opt/rustwide/cargo-home" "-e" "RUSTUP_HOME=/opt/rustwide/rustup-home" "-w" "/opt/rustwide/workdir" "-m" "1610612736" "--user" "0:0" "--network" "none" "ghcr.io/rust-lang/crates-build-env/linux@sha256:19e73879b68f455e41552ea35293514db52ea292d993f571636dbffedb77a1ee" "/opt/rustwide/cargo-home/bin/cargo" "+9610dfe5a9a731ced1ea4923ecbd0c57fe367898" "check" "--frozen" "--all" "--all-targets" "--message-format=json", kill_on_drop: false }`
[INFO] [stdout] 05fb08f0635ac370cc3ae9b870321ed43ea5bf039b9d1cff90b65b910ce3929e
[INFO] running `Command { std: "docker" "start" "-a" "05fb08f0635ac370cc3ae9b870321ed43ea5bf039b9d1cff90b65b910ce3929e", kill_on_drop: false }`
[INFO] [stderr]    Compiling libc v0.2.139
[INFO] [stderr]    Compiling proc-macro2 v1.0.51
[INFO] [stderr]    Compiling unicode-ident v1.0.8
[INFO] [stderr]    Compiling quote v1.0.23
[INFO] [stderr]    Compiling io-lifetimes v1.0.6
[INFO] [stderr]     Checking bitflags v1.3.2
[INFO] [stderr]    Compiling syn v1.0.109
[INFO] [stderr]    Compiling memchr v2.5.0
[INFO] [stderr]     Checking cfg-if v1.0.0
[INFO] [stderr]    Compiling rustix v0.36.9
[INFO] [stderr]     Checking lazy_static v1.4.0
[INFO] [stderr]    Compiling thiserror v1.0.39
[INFO] [stderr]     Checking linux-raw-sys v0.1.4
[INFO] [stderr]    Compiling rustversion v1.0.12
[INFO] [stderr]    Compiling time-core v0.1.0
[INFO] [stderr]    Compiling portable-atomic v0.3.19
[INFO] [stderr]    Compiling log v0.4.17
[INFO] [stderr]     Checking num_threads v0.1.6
[INFO] [stderr]     Checking os_str_bytes v6.4.1
[INFO] [stderr]    Compiling time-macros v0.2.8
[INFO] [stderr]     Checking itoa v1.0.6
[INFO] [stderr]     Checking regex-syntax v0.6.28
[INFO] [stderr]     Checking static_assertions v1.1.0
[INFO] [stderr]     Checking unicode-width v0.1.10
[INFO] [stderr]     Checking clap_lex v0.3.2
[INFO] [stderr]     Checking strsim v0.10.0
[INFO] [stderr]     Checking glob v0.3.1
[INFO] [stderr]     Checking termcolor v1.2.0
[INFO] [stderr]     Checking ansi_term v0.12.1
[INFO] [stderr]     Checking same-file v1.0.6
[INFO] [stderr]     Checking number_prefix v0.4.0
[INFO] [stderr]     Checking walkdir v2.3.2
[INFO] [stderr]     Checking aho-corasick v0.7.20
[INFO] [stderr]     Checking atty v0.2.14
[INFO] [stderr]     Checking time v0.3.20
[INFO] [stderr]     Checking console v0.15.5
[INFO] [stderr]     Checking dirs-sys v0.3.7
[INFO] [stderr]     Checking nix v0.26.2
[INFO] [stderr]     Checking colored v2.0.0
[INFO] [stderr]     Checking dirs v4.0.0
[INFO] [stderr]     Checking indicatif v0.17.3
[INFO] [stderr]     Checking regex v1.7.1
[INFO] [stderr]     Checking ctrlc v3.2.5
[INFO] [stderr]     Checking is-terminal v0.4.4
[INFO] [stderr]     Checking clap v4.1.8
[INFO] [stderr]    Compiling thiserror-impl v1.0.39
[INFO] [stderr]     Checking flexi_logger v0.23.3
[INFO] [stderr]     Checking sf v0.1.0 (/opt/rustwide/workdir)
[INFO] [stdout] error[E0433]: failed to resolve: could not find `windows` in `os`
[INFO] [stdout]   --> src/main.rs:12:9
[INFO] [stdout]    |
[INFO] [stdout] 12 |     os::windows::prelude::MetadataExt,
[INFO] [stdout]    |         ^^^^^^^ could not find `windows` in `os`
[INFO] [stdout] 
[INFO] [stdout] 
[INFO] [stdout] error[E0433]: failed to resolve: could not find `windows` in `os`
[INFO] [stdout]   --> src/main.rs:12:9
[INFO] [stdout]    |
[INFO] [stdout] 12 |     os::windows::prelude::MetadataExt,
[INFO] [stdout]    |         ^^^^^^^ could not find `windows` in `os`
[INFO] [stdout] 
[INFO] [stdout] 
[INFO] [stdout] error[E0599]: no method named `file_attributes` found for struct `std::fs::Metadata` in the current scope
[INFO] [stdout]    --> src/main.rs:648:31
[INFO] [stdout]     |
[INFO] [stdout] 648 |     let attributes = metadata.file_attributes();
[INFO] [stdout]     |                               ^^^^^^^^^^^^^^^ help: there is a method with a similar name: `file_type`
[INFO] [stdout] 
[INFO] [stdout] 
[INFO] [stdout] error[E0599]: no method named `file_attributes` found for struct `std::fs::Metadata` in the current scope
[INFO] [stdout]    --> src/main.rs:648:31
[INFO] [stdout]     |
[INFO] [stdout] 648 |     let attributes = metadata.file_attributes();
[INFO] [stdout]     |                               ^^^^^^^^^^^^^^^ help: there is a method with a similar name: `file_type`
[INFO] [stdout] 
[INFO] [stdout] 
[INFO] [stdout] error: aborting due to 2 previous errors
[INFO] [stdout] 
[INFO] [stdout] 
[INFO] [stdout] Some errors have detailed explanations: E0433, E0599.
[INFO] [stdout] 
[INFO] [stdout] For more information about an error, try `rustc --explain E0433`.
[INFO] [stdout] 
[INFO] [stdout] error: aborting due to 2 previous errors
[INFO] [stdout] 
[INFO] [stdout] 
[INFO] [stdout] Some errors have detailed explanations: E0433, E0599.
[INFO] [stdout] 
[INFO] [stdout] For more information about an error, try `rustc --explain E0433`.
[INFO] [stdout] 
[INFO] [stderr] error: could not compile `sf` (bin "sf") due to 3 previous errors
[INFO] [stderr] warning: build failed, waiting for other jobs to finish...
[INFO] [stderr] error: could not compile `sf` (bin "sf" test) due to 3 previous errors
[INFO] running `Command { std: "docker" "inspect" "05fb08f0635ac370cc3ae9b870321ed43ea5bf039b9d1cff90b65b910ce3929e", kill_on_drop: false }`
[INFO] running `Command { std: "docker" "rm" "-f" "05fb08f0635ac370cc3ae9b870321ed43ea5bf039b9d1cff90b65b910ce3929e", kill_on_drop: false }`
[INFO] [stdout] 05fb08f0635ac370cc3ae9b870321ed43ea5bf039b9d1cff90b65b910ce3929e
